 y(f) = f**3 + 145*f**2 + 707*f + 28. Let m be y(-5). Determine p(m).
-7
Let w(g) = -56 + 71*g - 62*g + 2*g**2 + 55. Let i be w(-3). Let x(p) = -p**3 - 10*p**2 - p - 14. Determine x(i).
-4
Let c = 68 - 68. Suppose -2*n + 2*m - 8 + 2 = c, -5*n + m = 7. Let f(d) = -6*d + 1. Determine f(n).
7
Let t = -25604 - -25597. Let n(l) = 2*l**2 + 17*l + 13. Let x(z) = -3*z**2 - 26*z - 19. Let w(h) = -7*n(h) - 5*x(h). What is w(t)?
-24
Let l(f) = -3*f**2 + 38*f - 10. Let m be l(12). Let d(n) = -m*n + n**3 + 2*n - 501 + 9*n**2 - 490 + 980. Calculate d(-10).
9
Let z = 78 - 76. Let d(w) be the second derivative of 13*w**4/12 - w**3/2 + w**2 - 6*w + 94. Calculate d(z).
48
Let l(y) = -y**2 + 14*y + 6. Let d be (5/25*-4)/(3/(-45)). Suppose 25*t - d = 338. Give l(t).
6
Let d be ((-2)/7)/(-1) - 62/217. Suppose 6*s - 19 - 17 = d. Let w(c) = 8 - 2*c + 3*c**2 - 9*c**2 + 2*c**3 + c**3 - 2*c**3. What is w(s)?
-4
Let v be 595 + 5 + -5 + -8. Let p = 579 - v. Let t(q) = q**3 + 7*q**2 - 9*q - 1. Determine t(p).
7
Let i(r) = -26*r - 322. Let m(t) = 2*t + 37. Let k(a) = i(a) + 5*m(a). Calculate k(-8).
-9
Let o(z) = -3*z**3 + 7*z**2 + 16*z + 46. Let t(s) = 5*s**3 - 4*s**2 - 17*s - 44. Let c(p) = 3*o(p) + 2*t(p). What is c(-12)?
26
Let j(w) = -24 + 7859*w - 3938*w - 3916*w. Give j(11).
31
Let m(a) = a**2 + 19*a + 71. Suppose 46*q = -4*w + 43*q - 25, 0 = -2*w + 4*q - 18. Determine m(w).
-13
Let v be (-4)/((-252)/99) - (3 - 48/14). Let i(h) = -14*h**2 + 17*h. Let a(c) = -5*c**2 + 6*c. Let m(d) = 11*a(d) - 4*i(d). Give m(v).
0
Let h(v) = v**2 + 12*v - 24. Suppose -347*a - 144 = -419*a. Determine h(a).
4
Let a(m) = 2*m**3 + 3*m**2 - 5*m - 1. Let u(b) = 56*b + 166. Let v be u(-3). What is a(v)?
5
Let z = -9199 - -9203. Let m(q) be the third derivative of 4*q**2 + 0*q + 7/24*q**4 + 0 - 5/6*q**3. Calculate m(z).
23
Let k(x) = x**2 - 34*x + 25. Let d = 1673 + -1640. What is k(d)?
-8
Suppose -17*d + 14 = -3. Let n(c) = -4*c**2 - 4*c + 3. Let o(a) = a**2 + a - 2. Let x(r) = d*n(r) + 2*o(r). What is x(2)?
-13
Let n(h) = -11 - 775*h**3 + 777*h**3 - 4443*h - 9*h**2 + 4428*h. Determine n(6).
7
Let j(x) = -8*x - 42. Let o(p) = -5*p - 38. Let m(w) = -4*j(w) + 6*o(w). Calculate m(31).
2
Let t(y) = -11*y**2 - y + 3. Suppose 116 = -9*o + 80. Calculate t(o).
-169
Suppose 491*a - 489*a = -i, 3*i - 4*a - 20 = 0. Let j(o) be the second derivative of 0 - 5/12*o**i + 5/2*o**2 - 1/20*o**5 + 2/3*o**3 - 49*o. What is j(-6)?
17
Let g(o) = -o**2 - 13*o - 21. Suppose -46*b = -65 + 346 + 271. Calculate g(b).
-9
Suppose 3*y - 2*k - 170 = y, -5*k = 25. Suppose 0 = 2*z + 8*z - y. Let b(h) = -4*h. Let n(j) = 11*j. Let q(u) = z*b(u) + 3*n(u). Determine q(-7).
-7
Let i(q) = 141 - q + 0*q - 278 + 179. Determine i(32).
10
Let s(c) = c**3 - 30*c - 16*c + 2117*c**2 + 10 - 26 - 2125*c**2. What is s(12)?
8
Let x(q) be the first derivative of 1/6*q**3 + 1/15*q**5 + 0*q**4 - 3 + 0*q + 23/2*q**2. Let a(r) be the second derivative of x(r). What is a(-2)?
17
Let b(r) = -r**3 + 28*r**2 + 61*r - 51. Suppose -2473 - 3560 = -180*m - 633. What is b(m)?
-21
Let z(u) = 6*u - 3*u + 84 + 0*u - 88 + 0*u. Give z(5).
11
Suppose -8 = -u + 9. Let v(g) = -32 + u + 2*g + 2. Calculate v(8).
3
Let j = 4 - 7. Suppose 3*z = 4*y - 16, -2*z - 2*y = -3*z - 8. Let w(p) = 15*p**3 + 5*p - 16*p**3 + z + 3 - 2*p**2. Calculate w(j).
-3
Suppose -369*o + 257*o = 336. Let a(y) = 78*y + 241. Give a(o).
7
Let h(r) be the second derivative of -r**4/12 - 7*r**3/2 - 27*r**2/2 - r + 195. What is h(-13)?
77
Let o be (-672)/(-36) + -11 + ((-3)/(-9) - 0). Let b(l) = -l**3 + 9*l**2 - 11*l + 2. Calculate b(o).
-22
Suppose -o + 119*x = 121*x + 15, 5*x - 8 = 4*o. Let b(i) be the first derivative of i**4/4 + 7*i**3/3 + 4*i - 1. Calculate b(o).
4
Let u(b) = -b**2 - 4*b - 14. Let o(m) = -506*m + 503. Let q be o(1). What is u(q)?
-11
Let u(d) = 4*d**3 + 3*d**2 + 3*d. Let k(g) = -8*g**3 - 2*g**2 + 1. Let f(y) = -k(y) - u(y). What is f(3)?
89
Let q(b) = -889*b**2 - 167*b**2 + 3*b**3 - 11 - 3*b + 1060*b**2. Calculate q(-3).
-47
Let t = -115 + 33. Let w = -77 - t. Suppose 3 = w*c - 2. Let i(s) = 10*s**2 - s. Determine i(c).
9
Let f(l) = -15*l**3 + 56*l**2 - 1. Let s(t) = 11*t**3 - 44*t**2 + t + 1. Let j(v) = 3*f(v) + 4*s(v). What is j(-8)?
-31
Let h(y) = y**3 + 6*y**2 - 5*y + 10. Suppose 0*b + 14*b = -2394. Let l = -178 - b. What is h(l)?
-4
Let c = 38 - 76. Let m = c + 49. Suppose m = -9*i + 74. Let o(x) = -x**3 + 8*x**2 - 9*x + 10. Calculate o(i).
-4
Let f(a) be the third derivative of -11*a**4/12 - 211*a**3/6 + 12621*a**2. Give f(-9).
-13
Let t(r) = -39*r**2 - 9*r. Let g(u) = 7*u**2 + 2*u + 1. Let l(b) = 5*g(b) + t(b). Give l(6).
-133
Let m(r) = 7*r + 3. Let b(a) = -a**2 - 5*a + 42. Let q be b(-9). Suppose -q*f = 5*f + 22. Calculate m(f).
-11
Let a(f) = -f**2 - 14*f + 143. Suppose -116*d - 70*d + 36*d = -1050. Determine a(d).
-4
Let v(s) = s**2 + 17*s - 32. Let a be 1/(-4) - (14 + 207/36). Give v(a).
28
Let v(s) = 6*s - 1. Let w(h) = -4*h**3 + 2*h**2 - 10*h - 12. Let k be w(-5). Suppose k = -2*n + 594. Calculate v(n).
17
Let v(u) be the second derivative of -3*u**2 + 2*u + 2/3*u**3 - 12. What is v(4)?
10
Let a(p) = p + 9. Let b = 2 - 8. Let i be a(b). Let v(m) be the first derivative of 3*m**2/2 + m + 5. Determine v(i).
10
Let s(l) = -l**3 - 5*l**2 - 3. Let w be 374/(-18) - 30/135. Let g = 43 + w. Suppose -m = -9*k + 4*k - 29, 3*m - g = 2*k. Give s(k).
-3
Let n(y) = -10*y**2 + 341*y - 20. Let w(v) = 26*v**2 - 684*v + 34. Let j(r) = -7*n(r) - 3*w(r). Calculate j(-42).
-4
Let o(d) be the second derivative of d**5/20 + d**4/6 - 23*d**3/6 - 21*d**2/2 + 8419*d. Give o(-6).
-27
Let m = -2263 + 2265. Let a(q) be the second derivative of 5/2*q**m + 1/3*q**3 + 4*q + 0 + 5/12*q**4 + 1/20*q**5. What is a(-4)?
13
Suppose 8 = 3*i - 28. Let w be i/(-5) - (-6)/15. Let c(f) = -f**2 + 14*f + 10. Let r(d) = -d**2 + 18*d + 12. Let s(t) = 5*c(t) - 4*r(t). Determine s(w).
2
Let v be 2/(-1)*(30/(-4) + -3). Suppose -4*l + 83 = -v. Let c = 24 - l. Let w(k) = k**3 - 2*k**2 - k. Calculate w(c).
-14
Let m(t) = -12*t**3 - 2*t - 1. Let h(j) = j**3 - 10*j**2 - 10*j - 7. Let d be h(11). Suppose -d*c + 55 = -53. Suppose -7*k - c = -20. Determine m(k).
13
Let f(l) = -7*l**2 + 15*l - 14. Let k(i) = 8*i**2 - 16*i + 15. Let t(r) = 7*f(r) + 6*k(r). Let d = 29 + 68. Let x = d - 89. What is t(x)?
0
Let q(r) = 4*r**2 - 116*r + 20. Let u(w) = w**2 - 39*w + 7. Let a(d) = 6*q(d) - 17*u(d). Let g be a(4). Let h(f) = f**3 + 18*f**2 - 18*f + 21. Determine h(g).
2
Suppose 12*c - 10*c + 2 = -2*m, 3*c = -m - 11. Let g be ((-3)/((-3)/1))/(-1) + m. Let i(b) = 2*b - 4. Calculate i(g).
2
Let d = 12 - 22. Let k(p) be the first derivative of p**4/4 + 11*p**3/3 + 11*p**2/2 + 2*p - 1412. Give k(d).
-8
Let p(u) = u + 2515 - 2542 + 3*u. Determine p(9).
9
Let t be (3/18*-2)/(4/(-132)). Let n(b) = t - b**2 + 3 - 8*b**2 - 2*b + 3*b + 10*b**2. Determine n(0).
14
Suppose 5*g = 4 + 36. Let p(l) = -31 + g*l + 17 + 0*l**2 + 1 - l**2. Give p(7).
-6
Let u(o) = -12 - 3*o + 13 + 11*o - 2 - 2. Determine u(2).
13
Let q(p) = -6*p + 1. Let j be ((-2)/19 - 44/(-418))*1. Suppose -2*d + 0*o + o = j, 26 = -5*d - 4*o. Give q(d).
13
Let r(w) = 256 - 6*w - 255 + 31*w + w. Let m = 24 - 25. What is r(m)?
-25
Let k(f) = f**3 - 12*f**2 + 124*f - 28. Let x(d) = -3*d**3 + 35*d**2 - 353*d + 83. Let j(z) = -17*k(z) - 6*x(z). What is j(5)?
3
Let r(m) = 9*m**3 - 5*m**2 + 13*m + 50. Let v(x) = -4*x**3 + x**2 - 6*x - 24. Let b(g) = -3*r(g) - 7*v(g). Let n be ((-12)/(-21))/((-16)/224). What is b(n)?
-6
Suppose 2067 = -60*h + 87. Let i(s) = -s**3 - 33*s**2 + 2*s + 65. Determine i(h).
-1
Suppose 48*k = 54*k - 1446. Let l(c) = -k + 129 + 3*c + 120. Calculate l(-6).
-10
Let r(x) = 5*x**3 - 2*x**2 - 6*x - 10. Let f(l) = l**3 - l**2 - 1. Let v(k) = -4*f(k) + r(k). Let t = -380 - -376. What is v(t)?
-14
Let f(g) = 11*g - 339. Suppose -3*l + 59 - 133 = -2*r, 0 = -4*r - 5*l + 104. Calculate f(r).
2
Suppose 0 = 13*t - 0*t - 52. Let r(w) = 4*w - 8. Suppose 5*n - 8 = 2. Let v(l) = -l + 1. Let f(j) = n*v(j) + r(j). Calculate f(t).
2
Let u(l) be the first derivative of -l**6/360 - 3*l**5/40 + l**4/12 + 58*l**3 + 167. Let t(p) be the third derivative of u(p). Give t(-9).
2
Let c = -225 - -217. Suppose -10 = -2*u + 4*s, -4*s - 34 + 6 = 4*u. Let z be 0/u*(-4)/c. Let x(y) = -y**2 